484?
1
What is the hundred millions digit of 5844701325?
8
What is the thousands digit of 502590427?
0
What is the units digit of 492252?
2
What is the thousands digit of 282540086?
0
What is the units digit of 1487961022?
2
What is the hundreds digit of 17865353?
3
What is the hundred thousands digit of 309236807?
2
What is the thousands digit of 7340015?
0
What is the ten thousands digit of 135701640?
0
What is the ten thousands digit of 18964815?
6
What is the thousands digit of 2227089047?
9
What is the tens digit of 53637857?
5
What is the hundred thousands digit of 613202761?
2
What is the tens digit of 55264467?
6
What is the ten thousands digit of 61296656?
9
What is the hundred thousands digit of 1940516?
9
What is the units digit of 6425210554?
4
What is the hundreds digit of 708353865?
8
What is the ten millions digit of 360905575?
6
What is the thousands digit of 284922139?
2
What is the tens digit of 298465176?
7
What is the units digit of 52015424?
4
What is the ten thousands digit of 1977198797?
9
What is the thousands digit of 310843749?
3
What is the ten millions digit of 17826326?
1
What is the hundreds digit of 967924073?
0
What is the ten thousands digit of 691684161?
8
What is the thousands digit of 4388825206?
5
What is the units digit of 16529075?
5
What is the tens digit of 24734415?
1
What is the hundreds digit of 1543994426?
4
What is the millions digit of 4416141?
4
What is the ten millions digit of 124109055?
2
What is the thousands digit of 476060976?
0
What is the millions digit of 1327716101?
7
What is the ten thousands digit of 126786395?
8
What is the hundred millions digit of 118198837?
1
What is the ten thousands digit of 502982694?
8
What is the ten millions digit of 46773901?
4
What is the units digit of 114796078?
8
What is the thousands digit of 1499030612?
0
What is the hundred millions digit of 127819689?
1
What is the tens digit of 3362730829?
2
What is the hundreds digit of 86023691?
6
What is the hundreds digit of 1170733?
7
What is the hundred millions digit of 5784643931?
7
What is the ten thousands digit of 731016841?
1
What is the thousands digit of 2387513?
7
What is the millions digit of 753565294?
3
What is the ten thousands digit of 130335692?
3
What is the ten thousands digit of 4856785810?
8
What is the hundreds digit of 562563174?
1
What is the units digit of 2740670619?
9
What is the ten thousands digit of 3760580348?
8
What is the units digit of 802539153?
3
What is the millions digit of 171862724?
1
What is the hundreds digit of 79276873?
8
What is the ten thousands digit of 28879862?
7
What is the thousands digit of 246517082?
7
What is the tens digit of 91280105?
0
What is the ten thousands digit of 492352266?
5
What is the thousands digit of 470389985?
9
What is the thousands digit of 173914429?
4
What is the tens digit of 53453846?
4
What is the units digit of 2288706597?
7
What is the tens digit of 222591819?
1
What is the millions digit of 99163876?
9
What is the units digit of 157738193?
3
What is the thousands digit of 87331723?
1
What is the units digit of 35283470?
0
What is the millions digit of 5960829?
5
What is the units digit of 1924072601?
1
What is the hundred millions digit of 1117555607?
1
What is the units digit of 217619283?
3
What is the ten thousands digit of 1207395029?
9
What is the units digit of 150275925?
5
What is the thousands digit of 731725?
1
What is the ten millions digit of 8608156852?
0
What is the millions digit of 62535955?
2
What is the millions digit of 33923288?
3
What is the hundred millions digit of 1701058607?
7
What is the ten thousands digit of 821032478?
3
What is the hundreds digit of 768576758?
7
What is the units digit of 39540216?
6
What is the millions digit of 13936459?
3
What is the ten millions digit of 18760311?
1
What is the ten millions digit of 3708104184?
0
What is the hundred millions digit of 281237938?
2
What is the units digit of 796053121?
1
What is the hundred thousands digit of 86868296?
8
What is the tens digit of 66686068?
6
What is the units digit of 1909999241?
1
What is the tens digit of 204932175?
7
What is the tens digit of 284795728?
2
What is the millions digit of 267907107?
7
What is the millions digit of 314734105?
4
What is the thousands digit of 1520137362?
7
What is the millions digit of 27652093?
7
What is the ten millions digit of 77153886?
7
What is the hundred thousands digit of 1520705925?
7
What is the hundreds digit of 129280957?
9
What is the hundreds digit of 688183085?
0
What is the millions digit of 64366151?
4
What is the millions digit of 151219979?
1
What is the hundred thousands digit of 41679894?
6
What is the thousands digit of 23738377?
8
What is the thousands digit of 386230055?
0
What is the thousands digit of 3366239505?
9
What is the tens digit of 695320235?
3
What is the ten millions digit of 328933394?
2
What is the ten thousands digit of 2407017594?
1
What is the ten millions digit of 36905478?
3
What is the ten thousands digit of 2397842767?
4
What is the ten thousands digit of 107910710?
1
What is the hundred millions digit of 198478472?
1
What is the tens digit of 4287666163?
6
What is the units digit of 297202457?
7
What is the ten millions digit of 194495856?
9
What is the millions digit of 330701607?
0
What is the thousands digit of 43631783?
1
What is the hundreds digit of 23710489?
4
What is the hundred thousands digit of 4262616525?
6
What is the thousands digit of 162844453?
4
What is the ten millions digit of 334177656?
3
What is the hundred thousands digit of 100621836?
6
What is the ten millions digit of 867882711?
6
What is the units digit of 225075833?
3
What is the hundred thousands digit of 217765710?
7
What is the units digit of 9725208?
8
What is the units digit of 38834724?
4
What is the hundred thousands digit of 1144758561?
7
What is the millions digit of 7013990837?
3
What is the tens digit of 1990840246?
4
What is the ten millions digit of 600823150?
0
What is the ten thousands digit of 164520502?
2
What is the billions digit of 2380931621?
2
What is the billions digit of 3819389102?
3
What is the thousands digit of 924305677?
5
What is the thousands digit of 2887651565?
1
What is the ten millions digit of 58310631?
5
What is the ten millions digit of 648609889?
4
What is the tens digit of 3094250?
5
What is the tens digit of 398073833?
3
What is the thousands digit of 31788352?
8
What is the hundred millions digit of 3646792132?
6
What is the thousands digit of 48503510?
3
What is the thousands digit of 722954800?
4
What is the hundred thousands digit of 5223063862?
0
What is the millions digit of 6174787147?
4
What is the hundred millions digit of 521992226?
5
What is the hundred thousands digit of 543861829?
8
What is the tens digit of 384478907?
0
What is the tens digit of 66091891?
9
What is the hundreds digit of 215142571?
5
What is the hundred thousands digit of 16523219?
5
What is the thousands digit of 239893878?
3
What is the billions digit of 3671776996?
3
What is the ten millions digit of 69973864?
6
What is the hundreds digit of 814417880?
8
What is the units digit of 68529115?
5
What is the thousands digit of 32510236?
0
What is the millions digit of 366198893?
6
What is the hundred thousands digit of 235157142?
1
What is the hundreds digit of 852805088?
0
What is the hundreds digit of 39717516?
5
What is the thousands digit of 21048223?
8
What is the units digit of 1503421080?
0
What is the hundreds digit of 951261631?
6
What is the hundreds digit of 2181933556?
5
What is the thousands digit of 1790573?
0
What is the ten thousands digit of 7156651?
5
What is the hundred thousands digit of 89723690?
7
What is the thousands digit of 245157941?
7
What is the hundred thousands digit of 105798044?
7
What is the millions digit of 33654958?
3
What is the tens digit of 1835465050?
5
What is the ten thousands digit of 202279593?
7
What is the hundreds digit of 37178551?
5
What is the thousands digit of 422414800?
4
What is the ten thousands digit of 32955623?
5
What is the millions digit of 4310045312?
0
What is the hundreds digit of 49691857?
8
What is the hundred millions digit of 326049051?
3
What is the hundreds digit of 68218749?
7
What is the